number?
False
Is 1248039271 a prime number?
False
Is 28397344141 prime?
True
Is 116791579 a prime number?
True
Is 803768561 a prime number?
False
Is 130275477683 composite?
True
Is 400332059 prime?
True
Is 2795148253 a composite number?
False
Is 40024339 a composite number?
False
Is 3678189337 composite?
True
Is 25186579213 a composite number?
False
Is 597539926 composite?
True
Is 61483420963 a prime number?
True
Is 7585441333 prime?
True
Is 1543000451 a prime number?
True
Is 26472702431 a prime number?
False
Is 3149479019 composite?
True
Is 8815278013 prime?
False
Is 10513980143 prime?
True
Is 861980065 prime?
False
Is 395586161 prime?
True
Is 62673509798 a prime number?
False
Is 7302925529 prime?
True
Is 8027332679 prime?
False
Is 3126090887 a composite number?
False
Is 29310104059 a composite number?
True
Is 57964267 a composite number?
True
Is 1930226603 a prime number?
False
Is 20261253907 a prime number?
True
Is 158062801381 a prime number?
False
Is 108183842491 a prime number?
False
Is 88035551 a composite number?
True
Is 1790673917 a prime number?
False
Is 3152740271 a prime number?
False
Is 155968961 a composite number?
True
Is 2321403277 prime?
False
Is 17834927419 prime?
False
Is 3191922337 composite?
False
Is 8919824831 a composite number?
True
Is 2899895227 composite?
False
Is 6911296021 a prime number?
False
Is 61544393 a prime number?
False
Is 1058864161 a prime number?
True
Is 215619881 a prime number?
False
Is 2692838041 a prime number?
False
Is 1468209637 a prime number?
True
Is 1316629543 a prime number?
False
Is 306299563 prime?
False
Is 128442809 a prime number?
False
Is 4217985509 composite?
False
Is 13020732289 composite?
False
Is 245443537 composite?
False
Is 156776209 composite?
False
Is 59745421 composite?
True
Is 57780205033 composite?
False
Is 2557527827 composite?
False
Is 1073978089 prime?
False
Is 62572328677 composite?
True
Is 7848723487 a composite number?
True
Is 1218653795 prime?
False
Is 367734403 prime?
False
Is 3214768771 a composite number?
True
Is 6935570791 a composite number?
False
Is 40544857207 a composite number?
True
Is 1532963379 prime?
False
Is 542884781 a prime number?
False
Is 7370738755 composite?
True
Is 1297595723 a prime number?
True
Is 97983671 a composite number?
False
Is 41584894679 a prime number?
True
Is 14843230681 a composite number?
True
Is 33337741447 a composite number?
False
Is 185348291 a composite number?
True
Is 36037150439 a composite number?
True
Is 24119705759 composite?
True
Is 5086509499 a composite number?
False
Is 56292844823 a composite number?
False
Is 764090827 composite?
False
Is 644791337 a composite number?
False
Is 500379097 a prime number?
False
Is 565846191323 composite?
True
Is 1944892843 a prime number?
False
Is 677950901 a prime number?
True
Is 29942465309 a composite number?
True
Is 7326720899 a composite number?
False
Is 1460875381 composite?
True
Is 1434511363 composite?
False
Is 14137761181 a composite number?
False
Is 8442567451 a composite number?
False
Is 587413031 prime?
False
Is 341914168847 a composite number?
False
Is 776119662287 a prime number?
True
Is 154922500547 a prime number?
False
Is 21808536385 a prime number?
False
Is 36977851673 composite?
True
Is 843151537 composite?
False
Is 15523755389 prime?
True
Is 145660454809 prime?
True
Is 1100907163 prime?
True
Is 1340113703 prime?
False
Is 2617238837 a prime number?
True
Is 287590657 composite?
False
Is 35878914871 a composite number?
False
Is 3834269821 prime?
False
Is 26251897463 prime?
False
Is 243522269 a prime number?
True
Is 138140430133 a composite number?
True
Is 3462703757 a composite number?
True
Is 120717709 prime?
False
Is 5678128541 composite?
False
Is 97388651 a composite number?
False
Is 757933153 a prime number?
True
Is 41086499 composite?
False
Is 28202434829 a prime number?
True
Is 175301377177 a composite number?
True
Is 5131677191 a prime number?
False
Is 5391560171 a prime number?
True
Is 6948233597 prime?
True
Is 30822552809 prime?
False
Is 150740707627 composite?
False
Is 7004692781 a prime number?
False
Is 3466352095 a prime number?
False
Is 20463984043 prime?
False
Is 7430312089 composite?
True
Is 18116039533 prime?
True
Is 149369001107 prime?
True
Is 2257401691 composite?
False
Is 46549363897 a composite number?
False
Is 121933791041 a prime number?
False
Is 33829892879 prime?
False
Is 8269168603 a prime number?
True
Is 15584566493 a prime number?
True
Is 83300862863 composite?
True
Is 12006028939 prime?
False
Is 31110206311 composite?
False
Is 2431317569 composite?
True
Is 2936849677 a prime number?
False
Is 3511710767 a composite number?
False
Is 5196000431 a prime number?
True
Is 2185885655 a prime number?
False
Is 822503819 composite?
False
Is 72877153529 prime?
True
Is 1442860847 prime?
False
Is 5910364657 a composite number?
False
Is 564000477 prime?
False
Is 3202888849 a prime number?
True
Is 40742361097 a composite number?
True
Is 1099084933 a composite number?
False
Is 140747851 a composite number?
False
Is 38865943279 a composite number?
False
Is 27278624234 a composite number?
True
Is 2569194463 a prime number?
False
Is 24221965913 composite?
False
Is 240411233 a composite number?
True
Is 515505139 prime?
True
Is 1029713551 composite?
True
Is 26193662045 a prime number?
False
Is 6911890327 composite?
False
Is 18772477 a prime number?
True
Is 16382235601 prime?
False
Is 387996373 prime?
True
Is 1698307873 a prime number?
False
Is 24173942185 a prime number?
False
Is 13920998398 prime?
False
Is 2595540043 prime?
True
Is 995825239 composite?
False
Is 3022981991 a composite number?
False
Is 63914104435 a composite number?
True
Is 739766371 composite?
False
Is 352904017 a composite number?
False
Is 17516117341 composite?
False
Is 192977713 prime?
True
Is 31273265351 composite?
False
Is 4745437019 a prime number?
True
Is 2153440241 a prime number?
True
Is 17309618803 a composite number?
True
Is 2607298663 a composite number?
True
Is 88169481179 prime?
False
Is 3095757169 a composite number?
True
Is 3139917923 a prime number?
False
Is 7469289193 a prime number?
False
Is 2091297311 a composite number?
False
Is 769184917 a prime number?
True
Is 2566134391 a prime number?
True
Is 449350061 composite?
False
Is 20111323033 prime?
True
Is 12267583079 a composite number?
False
Is 35764008271 prime?
True
Is 4722952753 a composite number?
False
Is 3046114187 composite?
False
Is 143534887 prime?
True
Is 37101187 composite?
True
Is 33215007907 prime?
True
Is 16840773967 a prime number?
False
Is 691283215561 composite?
False
Is 21044808173 prime?
True
Is 138800166839 a prime number?
True
Is 318913926587 composite?
False
Is 4564545353 a composite number?
False
Is 280277522549 a composite number?
True
Is 109241805017 a prime number?
False
Is 290815333 a composite number?
True
Is 423659123 prime?
True
Is 72925826983 composite?
True
Is 3385890589 prime?
True
Is 16270757471 composite?
False
Is 3328646017 a composite number?
True
Is 4239838045 prime?
False
Is 1518401721 a prime number?
False
Is 1290296237 composite?
False
Is 1529369197 prime?
True
Is 2391732443 a prime number?
False
Is 678810499 a prime number?
True
Is 2889693077 a prime number?
False
Is 87296441 a prime number?
True
Is 37728446311 prime?
False
Is 22000226291 composite?
False
Is 3120862133 a composite number?
True
Is 24453468947 prime?
True
Is 1399048003 prime?
True
Is 6691270967 prime?
True
Is 89450596559 prime?
True
Is 28520753785 a composite number?
True
Is 1012629171 prime?
False
Is 1368245393 prime?
True
Is 3945976651 prime?
False
Is 2573043793 a composite number?
True
Is 4881321685 a composite number?
True
Is 440437919 composite?
False
Is 177409073831 prime?
False
Is 208440433689 a composite number?
True
Is 2356844179 prime?
False
Is 1047610439 a prime number?
True
Is 615802531 a prime number?
True
Is 2643364349 composite?
True
Is 69456991 a prime number?
True
Is 791300269 a prime number?
False
Is 2023224719 a composite number?
False
Is 3156049237 prime?
False
Is 809810753 prime?
True
Is 1029850693 prime?
True
Is 142578833 a composite number?
True
Is 1535139449 a composite number?
False
Is 646209077 a composite number?
True
Is 41603643847 a composite number?
False
Is 1835250367 prime?
True
Is 16389833381